{"id":2844,"date":"2018-08-07T12:07:39","date_gmt":"2018-08-07T12:07:39","guid":{"rendered":"https:\/\/www.andaluciatrade.es\/consultoria\/?page_id=2844"},"modified":"2019-02-07T00:00:17","modified_gmt":"2019-02-07T00:00:17","slug":"procedimiento-solicitud-diagnostico","status":"publish","type":"page","link":"https:\/\/www.andaluciatrade.es\/consultoria\/programas\/diagnostico\/procedimiento-solicitud-diagnostico\/","title":{"rendered":"Procedimiento Solicitud Programa de Diagn\u00f3stico"},"content":{"rendered":"<p><a href=\"https:\/\/www.andaluciatrade.es\/consultoria\/empresas-participantes-en-el-programa-de-diagnostico\/\"><img loading=\"lazy\" decoding=\"async\" class=\"alignleft wp-image-2695\" src=\"https:\/\/www.andaluciatrade.es\/consultoria\/files\/2018\/01\/Photography-Workshop-1-300x150.png\" alt=\"Photography Workshop (1)\" width=\"105\" height=\"53\" \/><\/a><a href=\"https:\/\/www.andaluciatrade.es\/consultoria\/panel-consultores-homologados-diagnostico\/\"><img loading=\"lazy\" decoding=\"async\" class=\"alignleft wp-image-2696\" src=\"https:\/\/www.andaluciatrade.es\/consultoria\/files\/2018\/01\/panel-consultores-2-300x150.png\" alt=\"panel consultores (2)\" width=\"105\" height=\"53\" srcset=\"https:\/\/www.andaluciatrade.es\/consultoria\/wp-content\/uploads\/sites\/8\/2018\/01\/panel-consultores-2-300x150.png 300w, https:\/\/www.andaluciatrade.es\/consultoria\/wp-content\/uploads\/sites\/8\/2018\/01\/panel-consultores-2.png 1024w, https:\/\/www.andaluciatrade.es\/consultoria\/wp-content\/uploads\/sites\/8\/2018\/01\/panel-consultores-2-500x250.png 500w\" sizes=\"auto, (max-width: 105px) 100vw, 105px\" \/><\/a><a href=\"https:\/\/www.andaluciatrade.es\/consultoria\/diagnostico-documentacion-para-solicitar-el-programa\/\"><img loading=\"lazy\" decoding=\"async\" class=\"alignleft wp-image-2699\" src=\"https:\/\/www.andaluciatrade.es\/consultoria\/files\/2018\/01\/Documentos-Inscripci\u00f3n-11-300x150.png\" alt=\"Documentos Inscripci\u00f3n (1)\" width=\"105\" height=\"53\" srcset=\"https:\/\/www.andaluciatrade.es\/consultoria\/wp-content\/uploads\/sites\/8\/2018\/01\/Documentos-Inscripci\u00f3n-11-300x150.png 300w, https:\/\/www.andaluciatrade.es\/consultoria\/wp-content\/uploads\/sites\/8\/2018\/01\/Documentos-Inscripci\u00f3n-11.png 1024w, https:\/\/www.andaluciatrade.es\/consultoria\/wp-content\/uploads\/sites\/8\/2018\/01\/Documentos-Inscripci\u00f3n-11-500x250.png 500w\" sizes=\"auto, (max-width: 105px) 100vw, 105px\" \/><\/a><\/p>\n<p>&nbsp;<\/p>\n<p>&nbsp;<\/p>\n<p><img loading=\"lazy\" decoding=\"async\" class=\"alignnone wp-image-1078 size-full\" src=\"https:\/\/www.andaluciatrade.es\/consultoria\/files\/2018\/04\/FLYER-PROGRAMA-DE-DIAGN\u00d3STICO-.jpg\" alt=\"Programa de Diagn\u00f3stico Flyer - Jos\u00e9 Antonio Forte Vizca\u00edno\" width=\"688\" height=\"946\" srcset=\"https:\/\/www.andaluciatrade.es\/consultoria\/wp-content\/uploads\/sites\/8\/2018\/04\/FLYER-PROGRAMA-DE-DIAGN\u00d3STICO-.jpg 688w, https:\/\/www.andaluciatrade.es\/consultoria\/wp-content\/uploads\/sites\/8\/2018\/04\/FLYER-PROGRAMA-DE-DIAGN\u00d3STICO--218x300.jpg 218w\" sizes=\"auto, (max-width: 688px) 100vw, 688px\" \/><\/p>\n<p>&nbsp;<\/p>\n<p><a href=\"https:\/\/www.andaluciatrade.es\/consultoria\/programas\/diagnostico\/\"><strong>&lt;\u00a0VOLVER<\/strong><\/a><\/p>\n","protected":false},"excerpt":{"rendered":"<p>&nbsp; &nbsp; &nbsp; &lt;\u00a0VOLVER<\/p>\n","protected":false},"author":6395,"featured_media":0,"parent":79,"menu_order":2,"comment_status":"closed","ping_status":"closed","template":"","meta":{"footnotes":""},"class_list":["post-2844","page","type-page","status-publish","hentry"],"_links":{"self":[{"href":"https:\/\/www.andaluciatrade.es\/consultoria\/wp-json\/wp\/v2\/pages\/2844","targetHints":{"allow":["GET"]}}],"collection":[{"href":"https:\/\/www.andaluciatrade.es\/consultoria\/wp-json\/wp\/v2\/pages"}],"about":[{"href":"https:\/\/www.andaluciatrade.es\/consultoria\/wp-json\/wp\/v2\/types\/page"}],"author":[{"embeddable":true,"href":"https:\/\/www.andaluciatrade.es\/consultoria\/wp-json\/wp\/v2\/users\/6395"}],"replies":[{"embeddable":true,"href":"https:\/\/www.andaluciatrade.es\/consultoria\/wp-json\/wp\/v2\/comments?post=2844"}],"version-history":[{"count":1,"href":"https:\/\/www.andaluciatrade.es\/consultoria\/wp-json\/wp\/v2\/pages\/2844\/revisions"}],"predecessor-version":[{"id":4291,"href":"https:\/\/www.andaluciatrade.es\/consultoria\/wp-json\/wp\/v2\/pages\/2844\/revisions\/4291"}],"up":[{"embeddable":true,"href":"https:\/\/www.andaluciatrade.es\/consultoria\/wp-json\/wp\/v2\/pages\/79"}],"wp:attachment":[{"href":"https:\/\/www.andaluciatrade.es\/consultoria\/wp-json\/wp\/v2\/media?parent=2844"}],"curies":[{"name":"wp","href":"https:\/\/api.w.org\/{rel}","templated":true}]}}